uppose 4*b + 6 = 7*b. Suppose 0 = b*n + 3*y - 159, 185 = 5*n - 3*y - 181. List the prime factors of n.
3, 5
Suppose -258 = -3*s + 3*z, -z - 2*z = 5*s - 454. What are the prime factors of s?
89
Let i(s) = -9*s - 16. Let m be i(-12). Let x = m - -18. What are the prime factors of x?
2, 5, 11
Let r(y) be the third derivative of -y**5/60 - y**4/6 + 7*y**3/3 - 5*y**2. Let i be r(-6). Suppose 0 = -i*l + 4*l - 50. What are the prime factors of l?
5
Let y(l) = -7*l + 82. List the prime factors of y(-20).
2, 3, 37
Suppose 2*a + 9*o - 1052 = 4*o, -2*o + 4 = 0. List the prime factors of a.
521
Let w(i) = i**2 - 20*i - 47. What are the prime factors of w(42)?
877
Let p be (-3)/(1 - (-21)/(-12)). Suppose 3*z + b - 5*b = 64, 4*b - 132 = -p*z. Suppose 5*v - 49 = -3*d + z, -20 = -5*d. List the prime factors of v.
13
What are the prime factors of 3 + -1 + -1 + (3360 - -4)?
5, 673
Let a = -45 + 36. List the prime factors of (-5 - 33/a)*18/(-4).
2, 3
Suppose -5*x + p + 3650 = -p, p = -2*x + 1469. What are the prime factors of x?
2, 3, 61
Suppose 5*g = -5*j, 3*g = 3*j - 30 + 6. Suppose 2*y = j*b + 4*y - 292, -4*y + 300 = 4*b. List the prime factors of b.
71
Let d = 6137 + -3552. List the prime factors of d.
5, 11, 47
Suppose -3*u - 4*p - 76 = u, 4*p - 62 = 2*u. Suppose -2*a + 35 = 3*h, 3*a - 4*h = 2*a - 10. Let r = a - u. What are the prime factors of r?
3, 11
Suppose 3*d + 66 = -3*d. Let q(c) = -16*c - 30. List the prime factors of q(d).
2, 73
What are the prime factors of (-444178)/(-126) + (-2)/9?
3, 5, 47
Let h = 162 + -97. Suppose -t = -6*t + h. What are the prime factors of t?
13
Suppose 3*r - 1 = 2. Let b be r/(-2)*1080/(-6). Suppose -b = 6*a - 8*a. What are the prime factors of a?
3, 5
Let d = 89 - 73. Suppose -604 = -d*i - 60. What are the prime factors of i?
2, 17
Suppose -15 = f - 4*f. Suppose 0 = f*t + 35 - 330. What are the prime factors of t?
59
Suppose 11*c = 14134 - 846. List the prime factors of c.
2, 151
Let t(u) = u + 2. Let s be t(4). Let h = s + 2. Suppose -q + 6 = -h. What are the prime factors of q?
2, 7
Let z = 8 - 2. Let j be -6*(-3 + 15/z). Suppose 8*d = j*d + 70. What are the prime factors of d?
2, 7
Suppose 0 = -14*a - 17*a + 14632. List the prime factors of a.
2, 59
Let o(s) be the second derivative of s**3/2 + 3*s**2 - 4*s. Let u be ((-24)/(-9) - -2)*6/4. What are the prime factors of o(u)?
3
Let c = 247 + 1. What are the prime factors of c?
2, 31
Suppose -5*b - 20 = -5*k, 3*k - 6*k + 5*b + 18 = 0. List the prime factors of (1 + k)/((-4)/(-242)).
11
Let g = 152 - 81. Let w = 50 + g. What are the prime factors of w?
11
Let l(t) = 2*t - 11. Let w be l(8). Suppose -d - w*h + h = -35, 15 = 5*h. Let n = 39 - d. What are the prime factors of n?
2
Suppose -5*n + n = 56. Let c(s) = -s - 14. Let a be c(-10). Let v = a - n. List the prime factors of v.
2, 5
Let p(i) = i**2 - 6*i + 4. Let c be 2/((-44)/(-110)*(-5)/7). What are the prime factors of p(c)?
5, 19
Let h = -59 - -64. Let o be (1/1)/((-5)/10). What are the prime factors of (5 + -11)*h/o?
3, 5
Let u be (20/(-15))/((-2)/6). Suppose 2*q + 5*j = q - 40, -3*j = -u*q - 68. List the prime factors of (-10)/(-4)*(-216)/q.
3
Suppose 0 = -345*i + 353*i - 3632. List the prime factors of i.
2, 227
Let y = -80 + 79. What are the prime factors of (y - 14/4)*(-5254)/213?
3, 37
Suppose -137535 = -87*w + 34*w. What are the prime factors of w?
3, 5, 173
Suppose 150 = -3*m - 3*t, 2*m = -0*m - 3*t - 95. Suppose 11*l - 16*l = 25, 5*y = -4*l + 590. Let q = y + m. List the prime factors of q.
67
Suppose b = d, -d - 2*d - 4*b = -21. Let m(q) be the third derivative of -q**5/60 + q**4/4 + q**3/6 - q**2. List the prime factors of m(d).
2, 5
What are the prime factors of 8/20 + (-13)/((-65)/5718)?
2, 11, 13
Suppose x + 2*i = 1548 + 1095, -4*i = 4*x - 10560. What are the prime factors of x?
3, 293
Let a be 3 + 0 - (-14)/7. Suppose -k + s - 2 = 0, -a*s + 28 = k + 3*k. Suppose -2*g + 10 = 0, 0*n - k*g = n - 46. List the prime factors of n.
2, 3
Suppose -2*x = -3*g + 278, 434 = g + 4*g + 4*x. Suppose -7*o + 2*o = -3*p, 0 = 3*o + 4*p - 29. Suppose o*j - g + 6 = 0. What are the prime factors of j?
2, 7
Let u = 1842 + -1187. List the prime factors of u.
5, 131
Suppose 10*o - 16916 = 19034. What are the prime factors of o?
5, 719
Let u(d) = -2*d - 5. Let f be u(-4). Suppose h = -f*h + 72. List the prime factors of h.
2, 3
Let k = 17 - 17. Suppose -4*t + 61 = 5*v - 7, 3*t - 2*v - 51 = k. List the prime factors of (5 - t)*(-3)/2.
2, 3
Let q = -1993 - -3343. Suppose -2*v = -8*v + q. List the prime factors of v.
3, 5
Let p = -33 + 81. Suppose -3*y = -4*i + 72, -3*y + 3*i = -y + p. Let d = y - -38. What are the prime factors of d?
2, 7
List the prime factors of 6/12 + 5/2 - -192.
3, 5, 13
Let h(u) = u**3 - 6*u**2 + 5*u + 4. Let l be h(5). Suppose 3*n - l*n = -2. Suppose -x - 4*b = -5, 0*x + n*x = -5*b + 13. What are the prime factors of x?
3
Let v be 96/9 - 2/3. Let i = v - 6. Suppose -i = 3*q - 16. What are the prime factors of q?
2
Let j(m) = m + 3. Let g be j(-5). What are the prime factors of 1 + g - (-120)/20?
5
Let g = -1455 - -2565. Let k be g/18 - (-4)/3. Suppose 5*c = 8*c - k. List the prime factors of c.
3, 7
Suppose 0 = 2*z + 2*b - 1466, 4*z - 2964 = 2*b + 2*b. List the prime factors of z.
11, 67
Let i(r) = r**3 + 7*r**2 + 6*r + 2. Let t be i(-6). Suppose -3*d = 4*k - 863, -182 - 397 = -t*d + k. What are the prime factors of d?
17
Let h(t) = 25*t - 33. Let y be 4/10*1*15. List the prime factors of h(y).
3, 13
Let i(g) = -13*g**2 - 2. Let l be i(-1). Let n(r) = r**2 + 8*r - 13. What are the prime factors of n(l)?
2, 23
Let h(s) = -13*s**2 + 2*s - 1. Let n be h(-2). Let w = -23 - n. List the prime factors of w.
2, 17
Let u(j) = -16*j - 17. List the prime factors of u(-5).
3, 7
Let i(y) = y**2 + 7*y. Let w(q) = 2*q**2 - q. Let b be w(2). Let n be i(b). What are the prime factors of (6/(-9))/((-4)/n)?
13
Let d(v) = 36*v**2 - 103*v - 542. What are the prime factors of d(-5)?
3, 97
Suppose 0 = 4*m - 142 - 14. Let x = m - 30. Suppose -l - 3*u = -0 - x, 0 = -3*l + 4*u + 66. What are the prime factors of l?
2, 3
Suppose -s - 7 = -3*p + 2, 0 = 5*p - 2*s - 15. Let o = 8 - 5. Suppose -o*r - r + 2*h = -214, p*r + 4*h - 177 = 0. List the prime factors of r.
5, 11
Let c be 354/10 + 33/55. List the prime factors of (-34)/(-10) + c/(-90).
3
Suppose 50*c - 5312 = 42*c. What are the prime factors of c?
2, 83
Let l = -43 + 395. What are the prime factors of l?
2, 11
Let g be 4/12 - (-8)/(-6). Let c be 5 + -2 + -2 + g. Suppose c = -n - 4*n + 80. What are the prime factors of n?
2
List the prime factors of (-438)/(-4)*(-10)/(-3).
5, 73
Suppose -3*z = -3*c - 174, -4*z - 202 = 5*c + 133. Let x = 182 + c. List the prime factors of x.
7, 17
Let v(h) = 5*h + 1. Let d be (1 - 12/3) + -3. Let n(i) = -3*i - 1. Let j(a) = d*v(a) - 11*n(a). List the prime factors of j(8).
29
Let k = 8 + -6. Suppose -141 = -4*o - u + 230, k*o = 3*u + 175. Suppose -n + o = 3*n. What are the prime factors of n?
23
Let z(k) = 16*k. Let m(d) = 8*d - 17. Let a be m(6). Let x = a + -28. List the prime factors of z(x).
2, 3
Suppose -q = 2*a + 6, a + 14 = -2*q + 7*q. Suppose 4*r - 562 = -q*v, -r - 4*v + 128 = -v. List the prime factors of r.
11, 13
Let w = 1451 - 1114. List the prime factors of w.
337
Let a(k) = k**2 - 2*k + 5. Let h be a(0). Suppose h*u - 60 = 715. What are the prime factors of u?
5, 31
Let f be 2/(-6) - (-40)/12. Let x = -59 + 50. What are the prime factors of (-3)/x - (-104)/f?
5, 7
Suppose -2*y = k - 393, -y = 18*k - 13*k - 1956. What are the prime factors of k?
17, 23
Suppose -4*x = 3*l - 6*l - 7, 3*l = 3*x - 3. Suppose -16 = x*v - 84. Let j(a) = -a**2 + 17*a + 21. List the prime factors of j(v).
3, 7
Let j = 43 + -34. Let s(h) = 10*h - 17. What are the prime factors of s(j)?
73
Suppose -5*j - 4*q = 65, -j - 5*q - 19 = -3*q. Let s = 35 - j. What are the prime factors of s?
2, 11
Let q(l) = -140*l. Let f be q(1). Let m(k) = -k**3 + 17*k**2 - 5*k - 3. Let n be m(17). Let u = n - f. What are the prime factors of u?
2, 13
Let v(n) = n**2 + 3*n + 14. Let p be v(-8). Suppose 3*m - 167 = -5*k, -4*k + p + 87 = -5*m. List the prime factors of k.
2, 17
Let i(y) = 10*y**2 - 12*y + 16. Let s be i(7). Suppose 2*h - 4*q - 176 = 0, 0*h - s = -5*h + q. List th